 -f - 2*c - n. List the prime factors of f.
11
Let n = -5 - -8. Let u be (-11)/2*-1*2. Suppose -n = 2*w - u. List the prime factors of w.
2
Let b = -7 + 11. Suppose -3*x - 61 = b*v, -2*v + 0*v - 8 = 0. List the prime factors of -5*2/x*3.
2
Let t(y) = -y**2 - 15*y - 5. What are the prime factors of t(-6)?
7
Let o = -17 + 57. Suppose -2*t = -5*a - o - 6, 4*t = 2*a + 28. List the prime factors of 0 - -1 - a/1.
3
Suppose 2*m + 2*c - 20 = 0, 3*m = 3*c + 11 + 7. Suppose -u + r + 2*r + 13 = 0, 4*r + m = 0. What are the prime factors of u?
7
Let l(m) = -5*m - 4. What are the prime factors of l(-3)?
11
Suppose -5*c - 14 - 11 = 0. Let z(v) = -3*v + 1. Let p(f) = -f + 1. Let o(q) = 4*p(q) - z(q). List the prime factors of o(c).
2
List the prime factors of 1*(-132 - -8)*1/(-2).
2, 31
List the prime factors of -19*(-4 - 9/(-3) - 2).
3, 19
Suppose -c + 3*c - i = -5, 0 = -2*c + 5*i - 9. Let y = -15 + c. Let o = 29 + y. What are the prime factors of o?
2, 3
Let l = -109 + 303. What are the prime factors of l?
2, 97
Let b(h) = h**2 - 4*h - 1. Let o = -6 + 11. Let q be b(o). Suppose 0 = -2*d + q. What are the prime factors of d?
2
Suppose o - 102 + 32 = 0. List the prime factors of o.
2, 5, 7
Let w(j) = 4*j**2 + j. Let t be w(1). Suppose 0 = 2*q - 10, 5*b = 4*q - 0 - t. Suppose 5 = 4*x - b. What are the prime factors of x?
2
Let a(t) be the second derivative of -t**4/12 + 5*t**3/6 - 2*t**2 - 4*t. Let x be a(3). Suppose 24 = x*l + 2*l. List the prime factors of l.
2, 3
Suppose -5*j = y + 3, 0 = y + y - 5*j - 9. Suppose 4*c + c - 4*a = 160, -y*c = 3*a - 87. Suppose 3*f + f = c. List the prime factors of f.
3
Suppose -n + 15 = -0*n. Let q be (-6)/10 - (-1299)/n. Suppose -l = -9*w + 4*w + q, 0 = 3*w - 5*l - 56. What are the prime factors of w?
17
Let l(x) = 8*x - 11. Let k(r) = -7*r + 10. Let w(y) = -6*k(y) - 5*l(y). What are the prime factors of w(6)?
7
Let j = 35 - -16. Suppose 0 = 5*d - j - 19. What are the prime factors of d?
2, 7
Let g be 1*(-2)/4*6. Let b = -3 - g. List the prime factors of 3 + (0 - (b + 0)).
3
Let x be 4/(6*4/18). Suppose b - 5*n = -x*b + 54, -2*b - 3*n + 16 = 0. List the prime factors of b.
11
Let a be 196/(-12) - (-3)/9. List the prime factors of a*7*(-3)/12.
2, 7
Let o = 1 + -2. Let c be 3/(o + -2)*-7. Let l = c + -1. What are the prime factors of l?
2, 3
Let l = 55 - 32. List the prime factors of l.
23
Suppose -22 = 5*v - 2. Let m(u) = -3*u + 4. What are the prime factors of m(v)?
2
Let j(m) = 4*m**2 + 13*m - 3. Let l(s) = 2*s**2 + 6*s - 2. Let w(i) = -2*j(i) + 5*l(i). List the prime factors of w(-4).
2, 3
Let u(p) = -17*p - 34. What are the prime factors of u(-8)?
2, 3, 17
Suppose 4*c - 23 = -3. Suppose 0 = h - 3*b + 5*b + 1, -c*h - 2*b = -11. Suppose 0 = -2*t + h*t - 14. List the prime factors of t.
2, 7
Let r be 16/3 + 7/(-21). Suppose -18 = -r*m + 2*m. What are the prime factors of m?
2, 3
Let x = 0 - -7. Let z(a) = a**3 - 8*a**2 + 9*a - 10. What are the prime factors of z(x)?
2
Suppose 3*q = s - 25, -3*s + 69 = -4*q + q. Suppose 5*w + 5*l - 65 = 0, 2*w + 2*l - s = l. Let x = w + 3. What are the prime factors of x?
2, 3
Let d(o) = o + 14. Let f be d(-11). Let s = 5 + f. What are the prime factors of s?
2
Let g(q) = -q**2 - 4*q + 3. Let d be g(-4). Suppose -d*r - 10 = -4*r. Suppose x = 2*x - r. List the prime factors of x.
2, 5
Suppose 0 = -4*m + 4*v + 1416, 559 = 5*m - 2*v - 1196. List the prime factors of m.
349
Let f(z) = -z**2 + 6*z + 4. Let q be f(6). Suppose -q*d = -2*d. Let r = d - -11. What are the prime factors of r?
11
Let o = 62 + -33. What are the prime factors of o?
29
Let u(m) = 5*m + 2. Let f(s) = 3*s + 1. Let v(k) = -5*f(k) + 2*u(k). Let o be v(-5). Suppose -o = -2*z - z. What are the prime factors of z?
2
Let n be 15/(-6)*(-1 - 1). Let u be n + (2 - 3/1). Suppose -4*d - 2*z + 24 = -18, u*d - 41 = -3*z. What are the prime factors of d?
11
Suppose 0 = 3*u - 0*g - 2*g - 157, -u - 4*g = -29. Let o(x) = x**3 + 13*x**2 + 14*x - 10. Let n be o(-12). Let t = u + n. List the prime factors of t.
3, 5
Let a be (6/4)/((-1)/2). Let r be 6/(-8) - a/4. Suppose -4*z + 3*d + 33 + 11 = r, -d + 4 = 0. What are the prime factors of z?
2, 7
Let r be (-40)/(-7) + 6/21. Let t(m) = m**2 - 8*m + 8. Let p be t(r). Let z = p - -15. List the prime factors of z.
11
Suppose 213 = 3*y + 66. List the prime factors of y.
7
Let h(k) = k**2 - 6*k + 4. Let u be h(3). Suppose -2*s + 10 = 3*s. Let d = s - u. List the prime factors of d.
7
Suppose -4*b = b - 530. List the prime factors of b.
2, 53
Suppose -16 = -5*h - 6. Let z be 476/8 - (-1)/2. Suppose -2*m - 4*q = -40, -h*m = 2*m + 3*q - z. List the prime factors of m.
2, 3
Suppose -138 = -4*f + 5*a - 11, 4*f + 3*a = 135. List the prime factors of f.
3, 11
Let h = -172 + 393. What are the prime factors of h?
13, 17
Let s be 2 - -4 - (0 + 2). Suppose 35 = s*n + n. Suppose -3*h + n*h - 20 = 0. List the prime factors of h.
5
Suppose 0 = 10*v + 6*v - 4976. List the prime factors of v.
311
Let a(n) = -n + 5. Let i be a(6). Let b be (i - 0) + (-5 - -7). Let u(c) = 12*c**2 - 1. List the prime factors of u(b).
11
Let u(x) = 2*x**3 + 21*x**2 - 13*x + 10. What are the prime factors of u(-11)?
2
Let t = 161 - 151. List the prime factors of t.
2, 5
Suppose 1 + 4 = -5*g. Let p(q) = -2*q**3 + q**2 + q - 1. Let x(k) = k**3. Let j(f) = g*p(f) - 3*x(f). List the prime factors of j(-2).
7
Let j = 10 - 6. Suppose 3*b = -j*f + 8 + 29, 0 = -2*b + f + 10. List the prime factors of b.
7
Let a(v) = v**3 + v + 1. Let g(u) = 5*u**3 + 7*u - 2. Let h(l) = 6*a(l) - g(l). List the prime factors of h(0).
2
Let q(u) = u + 1. Let f(i) be the third derivative of i**6/120 - 2*i**5/15 + 7*i**4/24 + i**3/3 - 2*i**2. Let h be f(7). What are the prime factors of q(h)?
3
Suppose -2*w - 4*g = -18, w + 0*w + g = 5. Suppose 0*q + 27 = -2*k - 5*q, 0 = -3*k + 2*q + 7. List the prime factors of -1*(-6 - (k + w)).
2, 3
Suppose 4*w - 5*s = -32 + 123, -5*w + 110 = -5*s. Suppose 16 = -3*y + y. Let l = y + w. What are the prime factors of l?
11
Let t = 12 - -4. Suppose -2*g = 3*z - 28, 5*g + t = -4*z + 65. List the prime factors of z.
2, 3
Let m(j) = 14 - j + 0 + 0*j. Suppose 0 = -3*s + 3*h - 3, -3*s - 2*h + 2 = -0*s. List the prime factors of m(s).
2, 7
What are the prime factors of (-3 - -2)*1 + 14?
13
Suppose -68 = -2*f + 108. List the prime factors of f.
2, 11
Suppose -3*t - 3 = 0, -3*t = -3*p + 2*p + 36. List the prime factors of p.
3, 11
Let j = 361 + -120. What are the prime factors of j?
241
Suppose 0 = -6*m + 3*m - 156. Let u = 89 + m. List the prime factors of u.
37
Let b(w) = 7*w**3 + w**2 - 1. Let p be b(-1). Let k = -4 - p. List the prime factors of k.
3
Let i(c) = c**2 - 12*c + 2. Suppose w + 6 = -2*w, 0 = -2*y - 2*w - 2. Let g be 14 + 1 + (y - 4). List the prime factors of i(g).
2
Let j = -10 - -12. List the prime factors of (2 - 9)/((-1)/j).
2, 7
Suppose 2 = -h - 0. Let k be 66/9 - h/(-6). Let y(j) = j**2 - 7*j + 2. What are the prime factors of y(k)?
2
What are the prime factors of 103*((-8 - -8) + 1 + 0)?
103
What are the prime factors of -72*((-36)/8 - -4)?
2, 3
Let u be 4/10 - 2709/35. Let d = -33 - u. List the prime factors of d.
2, 11
Let l = 9 - 6. Suppose 33 = 2*b + l*s, 3*b - b + 2*s = 32. List the prime factors of b.
3, 5
Let n = -110 + 154. Suppose 0 = -x - 2*p + 4 - 1, -3*x + n = -p. List the prime factors of x.
13
Suppose 0 = 7*o - 1408 + 92. What are the prime factors of o?
2, 47
Suppose 5*v - v - 16 = 0. Let z(b) = 2*b**3 - 6*b**2 + 2*b + 2. List the prime factors of z(v).
2, 3, 7
Let s be 1/3 - (-5)/3. Suppose 5*w - 36 = s*w. What are the prime factors of w?
2, 3
Let b be (1/2)/((-4)/(-56)). Let j be (-48)/14*(-70)/4. Suppose -3*h - j = -b*h. What are the prime factors of h?
3, 5
Let z(h) = -2*h - 2. Suppose -4*q + 1 = -c + 10, -q + 3*c - 5 = 0. Let p be z(q). List the prime factors of -10*3/(-6) - p.
3
Let p = -9 - -10. What are the prime factors of 0 - (-3 + -14 - p)?
2, 3
Suppose 18 = -u + 2*u - 3*q, -2 = q. List the prime factors of u.
2, 3
Suppose 5*j - 1 = 4*j. Suppose -4 = -d + j. List the prime factors of d.
5
Let r(q) = 2*q + 11. Let n be r(-10). Let d(y) = -y - 1. List the prime factors of d(n).
2
Suppose -3*g = 2*t + g + 28, 18 = -5*t + 3*g. What are the prime factors of (-152)/12*t/4?
19
Let s be (2/5)/(7/